).
0
Let m(l) = -6*l**3 - 20*l**2 + 6*l + 17. Let j(i) = -5*i**3 - 18*i**2 + 6*i + 14. Let k(w) = 7*j(w) - 6*m(w). Calculate k(6).
32
Let t(u) = -u**3 - 5*u**2 - 9*u - 57. Let a(w) = -w**3 - 6*w**2 - 9*w - 47. Let l(j) = 5*a(j) - 4*t(j). Determine l(-9).
-7
Suppose 2*b = 7*b - 10. Suppose 37 = g - 4*c, -g - 5*c = -b*g + 42. Let r(y) = -y**2 - g - y**3 - 8*y + 12 - 6*y**2. Calculate r(-6).
7
Let o(p) be the first derivative of p**3/3 + 9*p**2/2 - 8*p + 14206. Let r = -7 + -4. Give o(r).
14
Let v(l) = 3*l**2 - 2*l. Let c be v(2). Let m(h) = h**2 + c - 21 + 12 - h. Let p be m(-1). Let f(j) = -j. Give f(p).
-1
Let r(j) = -2*j**3 - 2*j**2 + 3*j + 3. Suppose -7*l + 17*k + 121 = -2*l, -l - 43 = 5*k. What is r(l)?
30
Let z(r) = 1 - 3 - 3 + 6 - 8 - r. Let d be 1/(3/15) - (2 + 8). Give z(d).
-2
Let b = 8804 + -8803. Let l(a) = -40*a**3 - a + 1. Determine l(b).
-40
Let c(n) = 6*n - 3319 + 0*n + 3283. What is c(9)?
18
Let s(d) = -d**3 + 8*d**2 - 2*d + 1. Let a = -4057 + 4065. Give s(a).
-15
Suppose -12*o + 8*o + 4 = 0, 5*o - 25 = -5*q. Suppose 4*l - 6 = -q*y + 62, -3*y = -3*l - 45. Let k(d) = -11 + y - d**2 - 4 - 5*d. Calculate k(-4).
5
Let m(f) = -16*f**2 - 591*f + 49. Let y be m(-37). Let c(a) = -a**3 + 14*a**2 - 27*a - 19. Give c(y).
-55
Let d = -19 + 22. Let i(b) = -34 + 14 - d*b - 13. Let k be i(-9). Let u(z) = -z**2 - 7*z - 6. Determine u(k).
0
Suppose -14*q = -18*q + 4. Let s(j) = j**2 - 7*j - 5. Let x(y) be the third derivative of y**5/60 - y**4/3 - y**3 + y**2. Let o(b) = 7*s(b) - 6*x(b). Give o(q).
1
Let t(v) = -v**3 + 9*v**2 - 8*v - 6. Suppose 5 + 26 = m. Suppose -3*o + 29 = z, 28*o - 26*o + 3*z = m. Calculate t(o).
-6
Let m(k) be the second derivative of -k**6/720 - k**5/120 + 11*k**4/4 - k**2/2 - 39*k. Let w(d) be the third derivative of m(d). Give w(7).
-8
Suppose 16*q - 48 = 224. Let g(p) = -p**2 - 24*p + 33. Let d(k) = 3*k**2 + 70*k - 97. Let w(z) = q*g(z) + 6*d(z). Calculate w(-13).
-8
Let p(c) = 43 - 877*c**3 - 227 - 870*c**3 - 878*c**3 + 2626*c**3 + 25*c + 16*c**2. Determine p(-13).
-2
Let o(j) = -j**2 + 0*j**2 - 5*j**2. Let n = -171 - -170. Let l be o(n). Let y(g) = g**3 + 5*g**2 - 6*g - 1. Calculate y(l).
-1
Let i(c) be the first derivative of 2*c**3/3 - 9*c**2/2 + 3*c - 437. Determine i(6).
21
Let g(f) = f**3 + 27*f**2 + f + 16. Suppose 3*v + 85 = -4*j, 3*v + 22*j = 21*j - 82. What is g(v)?
-11
Let i be (15/135*-15)/(2/24*4). Let r(n) = -n**2 - 10*n - 30. Give r(i).
-5
Let a = -98 - -101. Suppose s - 6 = a*s - 5*g, 2 = -s + 2*g. Let y(i) = -1 + 2 - s + 4*i. Determine y(-2).
-9
Let q be 1150/(-40825) - (-2552)/(-142). Let i(v) = -10*v - 98. Give i(q).
82
Let y(c) = -c. Let b(h) = 3 - 11*h + 7*h + 0. Let z(g) = b(g) - 2*y(g). Let s be -8*(-15)/(-10)*(-1)/3. Calculate z(s).
-5
Let j(c) = -8*c - 9. Let i(m) = -2*m**2 - 119*m - 1371. Let v be i(-44). Calculate j(v).
47
Let p(o) be the first derivative of -3*o**4/4 + 2*o**3/3 + 5*o**2/2 - 4*o - 41. Let h(z) = -4*z**3 + z**2 + 6*z - 3. Let w(t) = 2*h(t) - 3*p(t). Give w(4).
-6
Suppose -4*o - 8 = -24. Let j be (-9)/o + (-4)/(-16). Let c(b) = 0 - 3*b + 1 - 27*b**2 - 42*b**2 - 35*b**2 + 103*b**2. What is c(j)?
3
Let n(d) = 20*d + 20. Suppose 0 = -384*v + 354 + 414. Give n(v).
60
Let z(w) = 16*w**2 - 3*w + 1. Let u(o) = o. Let q(m) = -u(m) - z(m). Let p = -597 - -615. Suppose 26*n - p*n = 8. Calculate q(n).
-15
Let i(k) = -k**3 - 2*k**2 + k - 2. Let t = 7172 - 7176. Calculate i(t).
26
Let k(f) = -6*f**2 + 2*f + 1. Let o(p) = -14*p - 64. Let q be o(-5). Let b be (-3 + q/3)/1. Calculate k(b).
-7
Let z be (-1)/(-3) + (171/(-27) - -2) + 7. Let b(w) = w**3 - 5*w - 6. Determine b(z).
6
Let c(l) be the first derivative of l**3/3 + 7*l**2/2 - 3*l + 1. Let w be 156/(-1014) - (-4)/(-26)*-1. Let v be w - 5 - (2 + -5 + 5). Give c(v).
-3
Let s(x) = -13*x**3 + 3 - 10*x**2 + 5*x**3 + 7*x**3. Suppose 4*p + 2*i = -50, -5*i = -2*p - 159 + 164. Give s(p).
3
Suppose 125*v - 3 = 124*v. Let a(r) = -1 + 32*r**3 + 4 - v*r**2 - 6*r - 31*r**3. What is a(4)?
-5
Suppose 4455*g = 2235*g + 2234*g + 14. Let y(k) be the first derivative of 3*k**3 + k**2 + 2*k - 2 + 0*k**3 - k. What is y(g)?
8
Let b(u) = -439 - 2*u - 439 - 444 + 1289. Give b(-20).
7
Suppose -2*v + 6*s - s = 17, 5*s = -5*v - 60. Let k(m) = 5*m**3 - 16*m**2 - m - 6. Let x(o) = o**3 - 3*o**2 - 1. Let j(z) = v*x(z) + 2*k(z). What is j(2)?
-9
Suppose -4*m = 38 - 78. Let o(u) = -2 - 2 + 11 + 3 - 3*u + 1. Determine o(m).
-19
Let x be 1*(-18)/(-24)*4. Let z(j) = 42 - 84 + 41 - 3*j**x. What is z(1)?
-4
Let k(f) = f**3 + 7 + 7 + 57*f**2 - 2*f - 52*f**2. Let p be ((-9)/12)/((-17)/(-2312)*17). Give k(p).
-10
Let l = -92 + 88. Let b(d) be the second derivative of -5/2*d**2 - 1/6*d**3 + 1/3*d**4 + 1/20*d**5 - 1 + 3*d. What is b(l)?
-1
Let l(m) = -m**2 - 10*m - 23. Let j be l(-4). Let z(s) = s**2 - 7*s + 5. What is z(j)?
-1
Let i(u) = -u**2 + 7*u - 6. Let w be i(4). Let h = 0 - w. Let z(y) = 8*y**3 + 7*y**2 + 21*y - 5. Let b(o) = -o**3 - 2*o. Let f(j) = 7*b(j) + z(j). What is f(h)?
-11
Let w(q) = -q**2 + 2*q + 3. Let b be (30/(-20))/((-3)/8). Give w(b).
-5
Let p = -252 + 348. Let c(n) = -33 - 25 + 4*n + p - 36 - n**3 - 6*n**2. Determine c(-6).
-22
Suppose 0 = -39*r + 45*r + 1944. Let a = r + 331. Let l(z) = -z**2 + 7*z + 3. What is l(a)?
3
Let b(k) = -15*k + 1288. Let i be b(87). Let h(s) = s**3 + 18*s**2 + 16*s + 8. What is h(i)?
25
Let i(s) be the third derivative of 17*s**2 + 0 + 0*s + 1/12*s**4 + 1/2*s**3 - 1/120*s**6 - 1/30*s**5. Let b be 26/(-8) + 1/4. Determine i(b).
6
Let u(g) = -62*g**2 - 2295*g - 23. Let o be u(-37). Let p(q) = 10*q - 148. Determine p(o).
-8
Suppose -5*c = -c - 36 + 4, -67 = -3*v - 8*c. Let t(a) = -1 + 0*a - 3*a**3 + a + 0*a. What is t(v)?
-3
Let l(u) = 9*u**3 - 2*u**2 + u. Suppose -16*c = -6*c - 330. Suppose 0 = -4*i - c + 37. What is l(i)?
8
Suppose 564*f - 587*f = -46. Let m(x) be the first derivative of -6*x - 1/2*x**f - 4. What is m(0)?
-6
Let t(p) = p**2 - 87*p + 53. Let n(u) = u**2 - 129*u + 80. Let d(a) = 5*n(a) - 7*t(a). Give d(-19).
-9
Let r(d) = -4*d**3 + 3*d**2 - 3*d + 1. Let y(v) = 6*v - 13. Let o be y(3). Let m(b) = 5*b**3 - 3*b**2 + 3*b - 1. Let z(w) = o*m(w) + 6*r(w). Give z(-3).
10
Let z(c) = -5*c**3 - 9*c**2 + 9*c + 155. Let k(t) = -t**3 - 2*t**2 + 2*t + 39. Let p(l) = 9*k(l) - 2*z(l). Let h = 6560 + -6560. Determine p(h).
41
Let i(w) be the first derivative of -w**2 - 6*w + 7627. Determine i(6).
-18
Let v(b) = -57*b**2 - 14*b - 3. Let h(d) = 365*d**2 + 89*d + 18. Let q(p) = 2*h(p) + 13*v(p). Give q(-1).
-10
Suppose -2*a + 61 = -2*w - w, -3*w = -a + 29. Suppose 4*o - a + 60 = 0. Let h(x) = -x**3 - 7*x**2 + 3*x + 3. Calculate h(o).
-18
Let q(c) be the first derivative of 2*c + 31 + 1/3*c**3 - 5*c**2. Calculate q(10).
2
Let w(t) = 6*t**3 - 6*t - 4*t**3 + 21 - 8*t**2 - 35 + 13 - 4*t**3. Determine w(-3).
-1
Let a(p) = p**2 + 9*p - 11. Suppose -2*x + 22 = -42*i + 38*i, 4*x - 23 = 5*i. What is a(i)?
-25
Let i be -4 + (-4 - -3) + 1. Let v be ((-9)/27)/((4/9)/i). Let a(k) = -2*k**2 + 2*k + 1. What is a(v)?
-11
Let p(o) = o**2 + o - 18. Let n(h) = -h**3 - 4*h**2 + 6*h - 3. Let q be n(3). Let l = 50 + q. Suppose l*m = 6*m. Calculate p(m).
-18
Let l(v) be the second derivative of -23*v**5/20 - v**4/12 + v. Let t(n) be the second derivative of n**3/6 - 6*n**2 + 127*n. Let o be t(13). Determine l(o).
-24
Let n(u) be the second derivative of 0 + 1/30*u**5 + 0*u**2 - 2/3*u**3 - 1/90*u**6 - 12*u - 1/8*u**4. Let p(q) be the second derivative of n(q). Calculate p(2).
-11
Let p(z) be the first derivative of -57 - 4/3*z**3 + 1/2*z**2 + 1/4*z**4 + 2*z. Determine p(3).
-4
Let r(u) = 7*u + 3. Let a(m) = -4*m - 3. Let q(y) = -3*a(y) - 2*r(y). Suppose 4*o - 2*j - 22 = 0, j = o - j - 10. Calculate q(o).
-5
Suppose 0 = 5*c - 7*c - 3*z + 20, -5*c = -5*z. Suppose 9*s + 40 = c. Let d(k) = k**2 + 4*k - 2. Determine d(s).
-2
Let k(h) = -7*h + 80. Let o(m) = -m**3 - 64*m**2 - 5*m - 307. Let f be o(-64). Determine k(f).
-11
Let x(f) = f**3 - 7*f**2 + 20*f - 58. Let v be x(5). Let s(p) = p**3 + 8*p**2 + 7. Give s(v).
7
Let c be 0 + -2 - (-1 + 3). Let s = -229 + 231. Let n(b) = -3*b**s - 5 - 3*b**2 + 6*b**2 + b**2 + b. What is n(c)?
7
Let g(m) = -1 - m - 64*m**3 + 3 - 2 + 72*m**3. Suppose z + 8 = -0. Let v = -9 - z. Determine g(v).
-7
Let a(i) be the second der